hat is 3868 (base 11) in base 4?
1032223
What is -14553 (base 7) in base 10?
-4056
Convert -110110 (base 2) to base 13.
-42
-3ec8 (base 15) to base 7
-54152
What is -2131 (base 4) in base 13?
-c1
What is 27 (base 15) in base 9?
41
Convert -187 (base 9) to base 12.
-114
1b7 (base 13) to base 7
634
Convert 77c (base 15) to base 6.
11500
What is -315522 (base 6) in base 5?
-1312043
Convert -27069 (base 10) to base 6.
-325153
Convert -68434 (base 9) to base 16.
-b1f1
-514 (base 11) to base 13
-389
What is -1141 (base 5) in base 3?
-20100
Convert 575 (base 9) to base 4.
13121
Convert -1156 (base 7) to base 13.
-274
-1292 (base 13) to base 8
-5136
What is 1010110200 (base 3) in base 6?
250500
1401033 (base 6) to base 8
230255
What is 152 (base 6) in base 16?
44
What is 11232 (base 8) in base 11?
363a
28b (base 13) to base 10
453
What is -2a (base 12) in base 14?
-26
821c (base 14) to base 3
1010200112
11113101 (base 4) to base 15
6799
Convert -1232 (base 4) to base 16.
-6e
Convert 11ce (base 15) to base 14.
1550
What is 1111000000001 (base 2) in base 16?
1e01
-22523 (base 10) to base 11
-15a16
445252 (base 6) to base 8
111140
Convert -11001100 (base 2) to base 14.
-108
Convert -92a (base 11) to base 13.
-683
26182 (base 11) to base 9
56363
ae (base 16) to base 12
126
-4148 (base 11) to base 16
-1579
374 (base 8) to base 9
310
17a7 (base 14) to base 5
114023
What is -5632 (base 8) in base 2?
-101110011010
What is 1a235 (base 12) in base 10?
38345
What is -310 (base 9) in base 5?
-2002
-121120 (base 6) to base 9
-15523
What is 451 (base 8) in base 5?
2142
Convert 750 (base 11) to base 7.
2426
What is 10120 (base 6) in base 2?
10101000000
-13121 (base 5) to base 3
-1102101
Convert 252665 (base 7) to base 6.
555542
What is -5251 (base 6) in base 7?
-3310
-1a77a (base 13) to base 11
-35a25
Convert -64c (base 16) to base 14.
-832
Convert -6616 (base 10) to base 16.
-19d8
What is -110100101000 (base 2) in base 3?
-11121202
What is 14187 (base 9) in base 7?
40045
Convert -531 (base 10) to base 16.
-213
Convert 1019a (base 12) to base 6.
241114
-52051 (base 7) to base 11
-9620
-169c (base 16) to base 11
-4392
-123500 (base 8) to base 13
-16647
Convert 1131002 (base 4) to base 13.
2930
What is 878 (base 10) in base 14?
46a
Convert 7330 (base 9) to base 5.
132443
-1015 (base 8) to base 15
-250
-102000 (base 4) to base 10
-1152
27175 (base 8) to base 7
46461
Convert -10687 (base 10) to base 5.
-320222
Convert 54757 (base 8) to base 5.
1214043
What is -438b (base 15) in base 9?
-21555
2598 (base 10) to base 11
1a52
2358 (base 12) to base 10
3956
Convert -22023 (base 4) to base 3.
-220010
-517c (base 14) to base 7
-55615
Convert -1a6a (base 11) to base 5.
-40432
-1769 (base 10) to base 14
-905
Convert f21 (base 16) to base 12.
22a9
What is -616 (base 8) in base 10?
-398
Convert -112201101 (base 3) to base 7.
-43165
-1851 (base 10) to base 2
-11100111011
What is 8873 (base 10) in base 8?
21251
10101 (base 4) to base 8
421
Convert -100001010010 (base 2) to base 14.
-ac2
10101101011010 (base 2) to base 4
2231122
Convert -25330 (base 7) to base 10.
-6685
-13123300 (base 4) to base 13
-10b22
1637 (base 8) to base 12
653
-848 (base 13) to base 5
-21122
What is -102212221 (base 3) in base 14?
-322d
What is 351 (base 13) in base 3?
210020
What is 3a9a (base 14) in base 6?
115452
Convert -333c (base 13) to base 15.
-21b9
Convert -833 (base 10) to base 16.
-341
14422 (base 6) to base 12
1412
Convert 10110101100 (base 2) to base 14.
75a
-30010 (base 4) to base 9
-1047
12fb (base 16) to base 15
168e
What is -48e (base 15) in base 6?
-4442
Convert 31b (base 12) to base 15.
205
What is 238 (base 13) in base 12?
281
What is -d251 (base 15) in base 10?
-44401
Convert -173 (base 11) to base 9.
-243
Convert 3014 (base 6) to base 13.
3b8
Convert 414024 (base 5) to base 2.
11010101000111
What is -10422 (base 10) in base 14?
-3b26
Convert 252 (base 15) to base 3.
201112
-ab0 (base 15) to base 2
-100101101111
What is -356 (base 9) in base 12?
-206
-10021012 (base 3) to base 16
-94d
Convert -121244 (base 6) to base 11.
-8033
-ae0 (base 15) to base 2
-100110011100
-51a (base 12) to base 9
-1014
-34141 (base 5) to base 8
-4565
What is 482 (base 11) in base 4?
20332
-118 (base 15) to base 16
-f8
-384 (base 10) to base 12
-280
315 (base 16) to base 8
1425
500 (base 9) to base 5
3110
What is -253 (base 13) in base 4?
-12112
Convert ba (base 14) to base 12.
118
Convert -13401 (base 6) to base 8.
-4051
What is -2248 (base 14) in base 12?
-3534
227 (base 15) to base 4
13213
What is 680 (base 15) in base 11?
1117
What is 23d (base 16) in base 7?
1446
116 (base 12) to base 16
a2
Convert 11459 (base 13) to base 7.
160601
What is 5567 (base 8) in base 2?
101101110111
Convert 23313 (base 5) to base 15.
78d
What is 1247 (base 11) in base 12?
b34
-242013 (base 5) to base 9
-13318
Convert 1111 (base 7) to base 6.
1504
-10031 (base 6) to base 4
-110203
Convert 11312 (base 4) to base 9.
455
What is -11100111 (base 2) in base 12?
-173
1210023 (base 4) to base 12
3863
-14135 (base 6) to base 14
-b47
-3721 (base 15) to base 2
-10110111010011
Convert -138b (base 13) to base 14.
-1055
2213330 (base 4) to base 12
6278
Convert -1231140 (base 5) to base 7.
-126511
550 (base 8) to base 15
190
Convert 201002202 (base 3) to base 2.
11011001100101
Convert 21231 (base 4) to base 15.
2b6
What is -3204 (base 5) in base 10?
-429
What is 231443 (base 5) in base 13?
3a71
32 (base 13) to base 4
221
Convert 2688 (base 9) to base 13.
bc9
Convert 22420 (base 5) to base 12.
b22
What is -145 (base 9) in base 4?
-1322
611 (base 7) to base 8
456
What is 2785 (base 15) in base 6?
103042
Convert 46274 (base 8) to base 11.
13839
What is -2233 (base 11) in base 16?
-b7c
Convert 125343 (base 8) to base 11.
2a960
23784 (base 11) to base 9
51835
Convert -12013302 (base 4) to base 11.
-17925
-244d (base 15) to base 6
-55431
140215 (base 6) to base 16
32f3
What is 3531 (base 11) in base 10?
4632
-333213 (base 4) to base 9
-5523
Convert -a605 (base 12) to base 7.
-103625
Convert 4435 (base 7) to base 14.
81c
1231 (base 13) to base 7
10336
-122 (base 7) to base 3
-2102
110121 (base 5) to base 14
1546
What is -131624 (base 7) in base 16?
-6059
What is 89c (base 16) in base 10?
2204
What is 201211 (base 3) in base 4?
20113
-682 (base 10) to base 7
-1663
-b81 (base 16) to base 9
-4032
Convert 20310110 (base 4) to base 15.
aa7b
-514 (base 10) to base 4
-20002
Convert -2914 (base 14) to base 4.
-1301212
a68 (base 15) to base 7
6563
-1100010001001 (base 2) to base 8
-14211
Convert -1145 (base 8) to base 15.
-2ad
Convert -333 (base 9) to base 11.
-229
-562 (base 16) to base 8
-2542
What is 3321 (base 6) in base 10?
769
What is -284 (base 9) in base 4?
-3232
Convert -112121201 (base 3) to base 11.
-8009
What is 339 (base 12) in base 15?
21c
Convert 2156 (base 7) to base 13.
479
12004 (base 6) to base 9
2334
1010121102 (base 3) to base 14
81bb
Convert 100011101 (base 2) to base 10.
285
-401101 (base 6) to base 8
-75175
What is -3221031 (base 5) in base 14?
-15c20
Convert 831 (base 9) to base 15.
301
Convert 264a (base 11) to base 8.
6562
What is 101000 (base 3) in base 10?
270
What is -8244 (base 10) in base 11?
-6215
11112 (base 5) to base 16
30e
What is 8fd1 (base 16) in base 13?
139b1
What is 2180 (base 11) in base 2?
101100110111
Convert -4264 (base 7) to base 14.
-7a4
Convert -102321 (base 4) to base 2.
-10010111001
-1320 (base 7) to base 8
-770
What is 1734 (base 9) in base 11?
aa7
Convert -26a (base 13) to base 14.
-226
-14599 (base 11) to base 6
-235422
What is -5750 (base 14) in base 4?
-3230322
What is -13442 (base 5) in base 3?
-1112120
Convert 1736 (base 12) to base 15.
c53
-10435 (base 8) to base 11
-3323
What is -8225 (base 13) in base 7?
-103214
What is 215 (base 16) in base 5?
4113
4352 (base 7) to base 16
614
-1313102 (base 4) to base 7
-31154
What is 564 (base 7) in base 2?
100100011
Convert 49a0 (base 16) to base 9.
27762
33 (base 13) to base 5
132
-42130 (base 5) to base 11
-2107
-25466 (base 12) to base 10
-50766
-30 (base 6) to base 10
-18
Convert -4666 (base 9) to base 8.
-6606
What is -495 (base 11) in base 9?
-723
-27735 (base 8) to base 11
-922a
What is 778 (base 9) in base 15?
2c8
What is -442 (base 10) in base 3?
-1